uppose 0*g + 144 = g - 5*i, -372 = -3*g - 5*i. What is the units digit of g?
9
Let l(n) = n**3 - 13*n**2 + 17*n - 30. What is the tens digit of l(12)?
3
Let g = -5 - -8. Let b = 5 - g. Suppose -6 - 4 = -b*u. What is the units digit of u?
5
Suppose 325 = -2*v + 7*v. Suppose -5*i + v = -2*y - 2*y, 0 = -5*i + 2*y + 65. What is the tens digit of i?
1
Let a = 1 + 4. Let l(b) = -b**2 + 7*b + 5. What is the units digit of l(a)?
5
Let x(u) = u**2 - 2*u - 4. Let q be x(4). Suppose c = q*a - c - 32, -3*c - 12 = 0. What is the units digit of a/(-4)*6*-1?
9
Suppose -13*d = -308 - 381. What is the tens digit of d?
5
Suppose -5*d + 204 = -5*x + x, -5*d = 5*x - 240. What is the units digit of d?
4
Suppose -5*i - 2 = 8. Let r = i - 2. Let h = 2 - r. What is the units digit of h?
6
Let l(w) = 24*w - 5. Suppose 2*a - 2 = a. What is the units digit of l(a)?
3
Let d(y) = y**2 - 2*y + 3. Let c = 2 - -2. What is the units digit of d(c)?
1
Suppose 27 = -0*s + 5*s + l, l = 5*s - 23. Suppose -s = 2*w - 45. What is the units digit of w?
0
Suppose 2*v + 21 + 7 = 0. What is the units digit of 1*v*(-1)/1?
4
Let g(m) = 91*m**2 + 2*m + 1. What is the tens digit of g(-1)?
9
Let b(n) = -2*n - 20. Let w be b(0). What is the tens digit of (-505)/w + 1/(-4)?
2
Suppose 2 = 2*q - 2. Suppose -5*f + f + 60 = -q*h, 0 = 3*f + 3*h - 54. Let y = -9 + f. What is the units digit of y?
7
Let i be 5 - 2 - (-1 + 2). Suppose 2*d - 13 = m - 0, 1 = i*d - 5*m. What is the units digit of d?
8
Let b = 5 - 2. Let r = 0 + b. What is the units digit of r?
3
Let l = 3 - 3. Suppose l = 2*h - 7 + 1. Suppose -h*t = -5 - 7. What is the units digit of t?
4
Let b(z) = 3*z**2 + 8*z - 2. What is the tens digit of b(-6)?
5
Suppose -3*j - 180 + 660 = 0. What is the units digit of j?
0
Suppose 3*n + 2*k + 5 = 4*n, 3*k = 2*n - 9. Let g = 14 + n. What is the units digit of g?
7
Let g(a) = a - 5. Let t(i) = -i**2 + 9*i - 8. Let q be t(7). What is the units digit of g(q)?
1
Let m be (-1)/2*(0 + 0). Let k be -1 + 3 + m/(-3). Let y = 2 + k. What is the units digit of y?
4
Suppose 0 = -i - 0*n - n + 4, -5*i + n = -26. Suppose 4 = -b + i*b. What is the units digit of b?
1
Suppose 2*t - 2*o - 20 = 2*o, 0 = -4*o - 8. Suppose 0 = 4*n - 2*c - 6 - t, -3*n + 3*c = -12. What is the units digit of n?
2
Let h = -6 + 23. Let i be -2*1*21/(-14). Suppose 2*g = -i*k + 2*k + 35, -g - k = -h. What is the tens digit of g?
1
Let r(i) = -i + 3. Let h(f) = -f + 3. Let v(y) = -3*h(y) + 4*r(y). Let o = -7 - -7. What is the units digit of v(o)?
3
Let h = -3 + 8. Suppose 3*u = h*u - 26. What is the tens digit of u?
1
Let r = 63 + -13. What is the units digit of r?
0
Let k(d) = -2*d**3 + 2*d**2 + 5*d + 6. What is the units digit of k(-4)?
6
Let x(z) = -z**3 + 6*z**2 + 2*z + 1. What is the tens digit of x(3)?
3
Let p = 21 + -18. What is the tens digit of -1 - -34 - 1 - p?
2
Suppose b - 47 = 2*g, 2*b = -g + 82 - 8. What is the tens digit of b?
3
What is the tens digit of ((-152)/12 - 0)*-3?
3
Let o(p) = p**3 - 5*p**2 + 5*p + 1. Let i be o(5). Suppose 3*y - f = 4*f + 14, 4*y - i = 3*f. Let q = y + -5. What is the units digit of q?
3
Let z = 383 + -215. What is the units digit of z?
8
Suppose -14 = -2*b + 14. What is the units digit of b?
4
Suppose -p + 40 = -5*p - 4*n, -4*p + 4*n - 8 = 0. Suppose -3*t - 55 = 4*x, -4*t + 2*t - 30 = 2*x. Let o = p - x. What is the units digit of o?
4
Suppose 5*f + 3*m = 342, 281 = -f + 5*f - 5*m. What is the units digit of f?
9
Suppose -3*z + 16 = -143. What is the units digit of z?
3
Let t(c) = 2*c + 2 + 0*c**2 - c**2 - 2*c**2 - c**3. Let k = 0 - 4. What is the tens digit of t(k)?
1
Let o be (3/(-6))/((-4)/136). Suppose -4*t = -181 + o. What is the tens digit of t?
4
Suppose -4*s - 27 = -2*s - 3*w, 0 = w + 3. Let h be 20/(-3) - (-6)/s. Let x = 0 - h. What is the units digit of x?
7
Suppose 6*x = 7 + 23. Suppose -4*c + 2 + 2 = -x*d, 4*c = -4*d + 4. What is the units digit of c?
1
Suppose 3*v - 3*h - 65 = -v, v + h = 18. Let k = 35 - v. What is the units digit of k?
8
What is the units digit of (32/(-40))/((-2)/65)?
6
Suppose -5*z + 652 = 3*j, 120 + 140 = 2*z + 2*j. What is the tens digit of z?
3
Suppose -46 - 84 = -5*a. What is the units digit of a?
6
Let a be 2 - (-2 + 5) - -3. What is the tens digit of 146/4 - (-1)/a?
3
Let z be 75/20*(-16)/(-6). What is the tens digit of 1*z + 10/5?
1
Let i(g) = 48*g**2 + 1. Let k be i(1). Suppose b = 3*v - k, -2*v + b + 29 = -4. What is the units digit of v?
6
Let y = 3 - 5. Suppose -3*o - 27 = 3*q, -3*q - 3 = -5*o + 4*o. Let m = y - o. What is the units digit of m?
4
Suppose j - 94 = -5*k, -j - 4*k + 428 = 4*j. What is the units digit of j?
4
Let f be (2 + (-9)/6)*24. Suppose 2*y + 5*m + 6 = 0, y - 4*m - f = m. Suppose y*v - 2 = 2. What is the units digit of v?
2
Suppose 5*m + 1 = -5*a - 4, -3*m - 12 = 0. Suppose -31 = -a*j - 2*g - 3*g, 10 = -5*j + 4*g. What is the units digit of j?
2
Let s(u) = -u**3 + 5*u**2 - 2*u - 5. Let q = -2 - -6. Let d be s(q). Let z = d - 1. What is the units digit of z?
2
Let j = 37 - 37. Suppose y = -i + 2, -3*i + 3 = -2*y + 2. Suppose -g + 8 - i = j. What is the units digit of g?
7
Suppose 5*x + 12 - 47 = -5*d, -4*x + 24 = 3*d. Suppose 2*l - 26 = -d. What is the units digit of l?
1
Suppose -t - 3*j = -40, 0 = 4*t + t + 5*j - 190. What is the units digit of t?
7
Let m(w) = w**2 + 6*w - 1. Let n be m(-9). Let s = 14 - n. What is the units digit of (20/(-3))/(s/18)?
0
Let u = 53 + 53. Suppose 5*m + 4*a - u = 0, 30 = 2*m - m + 3*a. What is the tens digit of m?
1
Suppose 3*q + 2 = -2*h - 16, 5*q + h + 37 = 0. Let p = 0 - q. Suppose p = g + g. What is the units digit of g?
4
Let t = -15 - -45. What is the tens digit of t?
3
Let u(x) = -x**3 - x**2 - x + 2. Let p be ((-8)/(-10))/(4/30). Suppose y - d + p = 0, 3*y = 4*d - 6*d + 2. What is the units digit of u(y)?
8
What is the tens digit of (-222)/(-5) - 6/(-10)?
4
Let g = -148 - -216. What is the tens digit of g?
6
Let h be (0 + -1)*-1*-6. Let n be (-1)/(-1 - 3/h). What is the units digit of 3 - (-2)/1 - n?
3
Suppose 0 = -0*r - 3*r + 12. Let h(p) be the second derivative of p**4/6 - 7*p**3/6 + 3*p**2 - 4*p. What is the tens digit of h(r)?
1
Let z be (-2)/(-5)*(1 - -4). Let b(r) = 2*r**2 - 3*r - r**z + 1 + 2*r. What is the units digit of b(3)?
7
Let d(b) = b**3 - 5*b**2 - 2*b + 2. Let z be d(5). What is the tens digit of (z - 4)*(-14)/8?
2
Suppose 0 = -3*i + 2*g + 9 + 5, 0 = -2*i - g + 21. Suppose 4*o + 28 = i, -j = o. Suppose -21 = -4*f + 2*h + 31, j*f - h = 59. What is the tens digit of f?
1
Let o be 6/3*-1*1. Let n(m) = -3*m**3 - 4*m**2 - 4*m - 2. What is the tens digit of n(o)?
1
Let o(w) = 4*w**2 - 5*w - 3. What is the tens digit of o(-3)?
4
Suppose 9*t - 134 = 8*t. What is the units digit of t?
4
Let p(b) = b**3 + 9*b**2 - 13*b - 3. What is the tens digit of p(-10)?
2
Let o be (-70)/20*12/(-7). Suppose -2*q + o*q - 4*w = 76, 0 = 5*q + 2*w - 116. What is the tens digit of q?
2
Let j(d) = 3*d**3 - d**2 + 1. Let z be j(1). Suppose z*h + 2 = 14. What is the units digit of h?
4
Let i = 29 - 11. What is the tens digit of i?
1
Let h be -3 - 0/1 - 1. What is the units digit of h/6 + (-116)/(-12)?
9
Let z = 5 + 0. Suppose -5*m = 4*k + k - 30, 4*m - z*k + 12 = 0. Suppose 0 = -m*x + 3*x - 9. What is the units digit of x?
9
Suppose -2*i + 735 = 3*i + 5*k, -i + 167 = -3*k. Suppose -4*g = -0*g - i. Let n = -26 + g. What is the tens digit of n?
1
Let k(o) = 12*o + 1. Let n be k(1). Let u = 19 - n. What is the units digit of (48/20)/(u/20)?
8
Let h(v) = 3*v + 2*v - 3 - v**3 + v**2 - 3*v**2 + 5*v**2. What is the units digit of h(-3)?
6
Let j = 5 - 3. Suppose j + 34 = 4*a. Let i = -6 + a. What is the units digit of i?
3
What is the tens digit of (-4 + 10 - 4) + 11?
1
Let y(m) = m**2 + 3*m - 1. Let d(u) = u**2 + 7*u + 9*u**3 + 5*u**2 + 5 - 8*u**3. Let i be d(-5). What is the units digit of y(i)?
9
Let f = -15 - -1. What is the units digit of (-2)/(-3 + (-38)/f)?
7
Suppose 0 = -v + 2*v - 12. Suppose -5 - 5 = -5*z, 2*f - v = -2*z. What is the units digit of f?
4
Let n(h) = -h - 4. Let r be n(3). Suppose 4*q = 8*q. Let l = q - r. What is the units digit of l?
7
Let n(p) = -p - 2. What is the units digit of n(-13)?
1
Let x(a) = a**2 - 3*a + 4. Let i be x(3). Suppose i*p - 3 = -3*s, -3*s + 15 = -2*p - 6. What is the un